ctors of 287047.
287047
List the prime factors of 991942.
2, 7, 70853
What are the prime factors of 256252?
2, 64063
What are the prime factors of 279296?
2, 1091
What are the prime factors of 2319304?
2, 13, 29, 769
What are the prime factors of 2224604?
2, 47, 11833
List the prime factors of 397355.
5, 7, 11353
List the prime factors of 931688.
2, 116461
What are the prime factors of 133332?
2, 3, 41, 271
What are the prime factors of 2433455?
5, 59, 73, 113
What are the prime factors of 167496?
2, 3, 7, 997
List the prime factors of 216512.
2, 17, 199
What are the prime factors of 450330?
2, 3, 5, 17, 883
What are the prime factors of 21252217?
7, 61, 71, 701
What are the prime factors of 629601?
3, 7, 4283
List the prime factors of 10820760.
2, 3, 5, 90173
What are the prime factors of 228711?
3, 7, 10891
What are the prime factors of 1876875?
3, 5, 7, 11, 13
List the prime factors of 149849.
7, 21407
List the prime factors of 16553075.
5, 7, 11, 8599
List the prime factors of 239360.
2, 5, 11, 17
What are the prime factors of 126411?
3, 29, 1453
List the prime factors of 760717.
131, 5807
What are the prime factors of 3486192?
2, 3, 59, 1231
What are the prime factors of 4152813?
3, 7, 197753
What are the prime factors of 10720907?
10720907
What are the prime factors of 1023754?
2, 47, 10891
List the prime factors of 286086.
2, 3, 47681
What are the prime factors of 1431373?
1431373
What are the prime factors of 67218?
2, 3, 17, 659
What are the prime factors of 3147723?
3, 53, 6599
What are the prime factors of 4994808?
2, 3, 7, 13, 2287
What are the prime factors of 444652?
2, 13, 17, 503
List the prime factors of 5828518.
2, 17, 171427
List the prime factors of 4700674.
2, 11, 43, 4969
List the prime factors of 10754367.
3, 13, 313, 881
What are the prime factors of 33236?
2, 7, 1187
List the prime factors of 3228985.
5, 661, 977
List the prime factors of 25972416.
2, 3, 67, 673
List the prime factors of 1674259.
1674259
What are the prime factors of 138874?
2, 23, 3019
What are the prime factors of 3240033?
3, 23, 46957
What are the prime factors of 133086?
2, 3, 41, 541
What are the prime factors of 5312840?
2, 5, 13, 17, 601
List the prime factors of 122236.
2, 30559
List the prime factors of 298538.
2, 149269
List the prime factors of 14273708.
2, 23, 113, 1373
List the prime factors of 3455957.
23, 47, 139
List the prime factors of 128295.
3, 5, 2851
What are the prime factors of 959379?
3, 199, 1607
List the prime factors of 698744.
2, 19, 4597
What are the prime factors of 616795?
5, 281, 439
List the prime factors of 775522.
2, 11, 35251
List the prime factors of 814563.
3, 30169
List the prime factors of 1868389.
37, 50497
List the prime factors of 291108.
2, 3, 17, 1427
List the prime factors of 425640.
2, 3, 5, 3547
List the prime factors of 59072.
2, 13, 71
List the prime factors of 2388763.
13, 53, 3467
What are the prime factors of 6389996?
2, 1597499
List the prime factors of 1055643.
3, 31, 11351
What are the prime factors of 1986342?
2, 3, 43, 7699
What are the prime factors of 1418244?
2, 3, 73, 1619
What are the prime factors of 1755799?
1755799
List the prime factors of 66523.
66523
What are the prime factors of 2528291?
17, 148723
What are the prime factors of 97486?
2, 79, 617
What are the prime factors of 626277?
3, 208759
What are the prime factors of 223293?
3, 7, 31
List the prime factors of 1557.
3, 173
List the prime factors of 2524300.
2, 5, 25243
List the prime factors of 9095937.
3, 29, 104551
What are the prime factors of 1083702?
2, 3, 180617
List the prime factors of 6668423.
6668423
List the prime factors of 549636.
2, 3, 163, 281
What are the prime factors of 9939708?
2, 3, 43, 6421
List the prime factors of 25859528.
2, 3232441
List the prime factors of 592784.
2, 37049
What are the prime factors of 16571487?
3, 757, 7297
What are the prime factors of 2708573?
7, 167, 331
What are the prime factors of 2379672?
2, 3, 23, 479
What are the prime factors of 193038?
2, 3, 32173
What are the prime factors of 5980591?
5980591
What are the prime factors of 3721957?
3721957
List the prime factors of 796029.
3, 13, 20411
List the prime factors of 8124240.
2, 3, 5, 33851
List the prime factors of 38465.
5, 7, 157
What are the prime factors of 3438163?
53, 64871
What are the prime factors of 20688964?
2, 311, 16631
List the prime factors of 237148.
2, 101, 587
List the prime factors of 198058.
2, 7, 43, 47
List the prime factors of 5797660.
2, 5, 11, 19, 73
List the prime factors of 204632.
2, 25579
What are the prime factors of 477850?
2, 5, 19, 503
What are the prime factors of 3074130?
2, 3, 5, 34157
What are the prime factors of 9587090?
2, 5, 23, 73, 571
List the prime factors of 195492.
2, 3, 11, 1481
What are the prime factors of 1209448?
2, 17, 8893
What are the prime factors of 2977702?
2, 7, 13, 16361
List the prime factors of 1583947.
47, 67, 503
What are the prime factors of 5187901?
5187901
What are the prime factors of 4202968?
2, 7, 11, 6823
List the prime factors of 314662.
2, 131, 1201
What are the prime factors of 371581?
7, 109, 487
What are the prime factors of 1537203?
3, 29, 17669
List the prime factors of 391294.
2, 179, 1093
What are the prime factors of 439285?
5, 7, 11, 163
What are the prime factors of 13498649?
73, 184913
List the prime factors of 15509271.
3, 59, 87623
What are the prime factors of 691015?
5, 13, 10631
What are the prime factors of 2053025?
5, 13, 6317
List the prime factors of 13345171.
7, 1906453
List the prime factors of 193357.
193357
List the prime factors of 971695.
5, 31, 6269
What are the prime factors of 73964?
2, 11, 41
What are the prime factors of 3346712?
2, 418339
List the prime factors of 11555.
5, 2311
What are the prime factors of 632854?
2, 109, 2903
List the prime factors of 84846.
2, 3, 79, 179
List the prime factors of 642938.
2, 321469
List the prime factors of 171382.
2, 85691
List the prime factors of 472754.
2, 236377
What are the prime factors of 2987934?
2, 3, 497989
List the prime factors of 23569298.
2, 937, 12577
What are the prime factors of 6945752?
2, 11, 78929
List the prime factors of 842233.
7, 120319
List the prime factors of 556357.
31, 131, 137
What are the prime factors of 1261559?
13, 53, 1831
What are the prime factors of 22645355?
5, 4529071
What are the prime factors of 148151?
148151
List the prime factors of 22649430.
2, 3, 5, 754981
List the prime factors of 4154075.
5, 89, 1867
List the prime factors of 122395.
5, 7, 13, 269
List the prime factors of 12242907.
3, 17, 523
What are the prime factors of 3233219?
11, 41, 67, 107
List the prime factors of 2104826.
2, 1052413
What are the prime factors of 12027299?
157, 76607
List the prime factors of 106272.
2, 3, 41
What are the prime factors of 174770?
2, 5, 17477
What are the prime factors of 909946?
2, 454973
What are the prime factors of 547871?
547871
List the prime factors of 1658759.
1658759
What are the prime factors of 11894665?
5, 19, 125207
List the prime factors of 10607511.
3, 251, 14087
List the prime factors of 6157381.
53, 116177
List the prime factors of 7565113.
7565113
List the prime factors of 72557.
37, 53
List the prime factors of 978087.
3, 11, 107, 277
List the prime factors of 5045047.
7, 71, 10151
What are the prime factors of 512563?
19, 53, 509
List the prime factors of 333269.
333269
What are the prime factors of 1727818?
2, 863909
What are the prime factors of 290933?
107, 2719
What are the prime factors of 196649?
29, 6781
List the prime factors of 2192643.
3, 17, 281
What are the prime factors of 3472274?
2, 13, 10273
What are the prime factors of 288596?
2, 7, 11, 937
What are the prime factors of 3273807?
3, 1091269
What are the prime factors of 3110765?
5, 7, 12697
List the prime factors of 1734859.
7, 139, 1783
List the prime factors of 4950457.
643, 7699
List the prime factors of 24318.
2, 3, 7, 193
What are the prime factors of 3222776?
2, 402847
List the prime factors of 842094.
2, 3, 11, 4253
List the prime factors of 140218.
2, 13, 5393
What are the prime factors of 5902250?
2, 5, 23609
What are the prime factors of 79729?
13, 6133
List the prime factors of 1415109.
3, 471703
What are the prime factors of 559508?
2, 137, 1021
L